{"id":118,"date":"2022-07-18T15:21:34","date_gmt":"2022-07-18T13:21:34","guid":{"rendered":"http:\/\/helloservices34.com\/?page_id=118"},"modified":"2022-07-26T16:13:39","modified_gmt":"2022-07-26T14:13:39","slug":"syndics-agences-immobilieres-commerces","status":"publish","type":"page","link":"https:\/\/helloservices34.com\/?page_id=118","title":{"rendered":"Syndics &#038; Commerces"},"content":{"rendered":"\n<h2>Syndics <\/h2>\n\n\n\n<p>M\u00e9nage ponctuel entre locations longues dur\u00e9es pour \u00e9tats des lieux<\/p>\n\n\n\n<p>Nettoyage des parties communes<\/p>\n\n\n\n<figure class=\"wp-block-image size-large is-resized is-style-default\"><img loading=\"lazy\" src=\"https:\/\/helloservices34.com\/wp-content\/uploads\/2022\/07\/Syndics-WB-HelloServicesPro-1024x682.jpg\" alt=\"\" class=\"wp-image-210\" width=\"673\" height=\"447\" srcset=\"https:\/\/helloservices34.com\/wp-content\/uploads\/2022\/07\/Syndics-WB-HelloServicesPro-1024x682.jpg 1024w, https:\/\/helloservices34.com\/wp-content\/uploads\/2022\/07\/Syndics-WB-HelloServicesPro-300x200.jpg 300w, https:\/\/helloservices34.com\/wp-content\/uploads\/2022\/07\/Syndics-WB-HelloServicesPro.jpg 1181w\" sizes=\"(max-width: 673px) 100vw, 673px\" \/><\/figure>\n\n\n\n<h2>Commerces<\/h2>\n\n\n\n<p>M\u00e9nage r\u00e9gulier et m\u00e9nage de fond dans les commerces<\/p>\n\n\n\n<p>Nettoyage des vitres et vitrines<\/p>\n\n\n\n<figure class=\"wp-block-image size-large\"><img loading=\"lazy\" width=\"1024\" height=\"683\" src=\"https:\/\/helloservices34.com\/wp-content\/uploads\/2022\/07\/Commerces-WB-HelloServicesPro34-1024x683.jpg\" alt=\"\" class=\"wp-image-217\" srcset=\"https:\/\/helloservices34.com\/wp-content\/uploads\/2022\/07\/Commerces-WB-HelloServicesPro34-1024x683.jpg 1024w, https:\/\/helloservices34.com\/wp-content\/uploads\/2022\/07\/Commerces-WB-HelloServicesPro34-300x200.jpg 300w, https:\/\/helloservices34.com\/wp-content\/uploads\/2022\/07\/Commerces-WB-HelloServicesPro34-768x512.jpg 768w, https:\/\/helloservices34.com\/wp-content\/uploads\/2022\/07\/Commerces-WB-HelloServicesPro34.jpg 1181w\" sizes=\"(max-width: 767px) 89vw, (max-width: 1000px) 54vw, (max-width: 1071px) 543px, 580px\" \/><\/figure>\n","protected":false},"excerpt":{"rendered":"<p>Syndics M\u00e9nage ponctuel entre locations longues dur\u00e9es pour \u00e9tats des lieux Nettoyage des parties communes Commerces M\u00e9nage r\u00e9gulier et m\u00e9nage de fond dans les commerces Nettoyage des vitres et vitrines<\/p>\n","protected":false},"author":1,"featured_media":0,"parent":0,"menu_order":4,"comment_status":"closed","ping_status":"closed","template":"","meta":[],"_links":{"self":[{"href":"https:\/\/helloservices34.com\/index.php?rest_route=\/wp\/v2\/pages\/118"}],"collection":[{"href":"https:\/\/helloservices34.com\/index.php?rest_route=\/wp\/v2\/pages"}],"about":[{"href":"https:\/\/helloservices34.com\/index.php?rest_route=\/wp\/v2\/types\/page"}],"author":[{"embeddable":true,"href":"https:\/\/helloservices34.com\/index.php?rest_route=\/wp\/v2\/users\/1"}],"replies":[{"embeddable":true,"href":"https:\/\/helloservices34.com\/index.php?rest_route=%2Fwp%2Fv2%2Fcomments&post=118"}],"version-history":[{"count":15,"href":"https:\/\/helloservices34.com\/index.php?rest_route=\/wp\/v2\/pages\/118\/revisions"}],"predecessor-version":[{"id":218,"href":"https:\/\/helloservices34.com\/index.php?rest_route=\/wp\/v2\/pages\/118\/revisions\/218"}],"wp:attachment":[{"href":"https:\/\/helloservices34.com\/index.php?rest_route=%2Fwp%2Fv2%2Fmedia&parent=118"}],"curies":[{"name":"wp","href":"https:\/\/api.w.org\/{rel}","templated":true}]}}